 the ten thousands digit of 1972565?
7
What is the thousands digit of 255092?
5
What is the hundreds digit of 608174?
1
What is the hundred thousands digit of 1260647?
2
What is the tens digit of 11823074?
7
What is the tens digit of 1047797?
9
What is the ten thousands digit of 176587?
7
What is the ten thousands digit of 11752702?
5
What is the millions digit of 3518461?
3
What is the tens digit of 17854441?
4
What is the tens digit of 1910634?
3
What is the units digit of 542789?
9
What is the hundred thousands digit of 8499335?
4
What is the millions digit of 1420791?
1
What is the units digit of 112235?
5
What is the units digit of 26189619?
9
What is the ten thousands digit of 1101487?
0
What is the hundreds digit of 308020?
0
What is the ten thousands digit of 2698412?
9
What is the hundred thousands digit of 8176893?
1
What is the thousands digit of 488112?
8
What is the hundreds digit of 87542?
5
What is the ten thousands digit of 3274285?
7
What is the tens digit of 335086?
8
What is the hundreds digit of 289145?
1
What is the units digit of 7951630?
0
What is the tens digit of 271574?
7
What is the hundreds digit of 2014682?
6
What is the thousands digit of 3734945?
4
What is the tens digit of 2880087?
8
What is the hundred thousands digit of 5400147?
4
What is the tens digit of 403479?
7
What is the units digit of 32115044?
4
What is the hundred thousands digit of 2774072?
7
What is the hundred thousands digit of 2911436?
9
What is the tens digit of 18103909?
0
What is the hundred thousands digit of 3305719?
3
What is the units digit of 364818?
8
What is the units digit of 599013?
3
What is the hundreds digit of 812750?
7
What is the thousands digit of 3889681?
9
What is the ten thousands digit of 48664?
4
What is the thousands digit of 902828?
2
What is the thousands digit of 14558989?
8
What is the hundreds digit of 153924?
9
What is the hundreds digit of 10371910?
9
What is the hundred thousands digit of 737148?
7
What is the thousands digit of 3224207?
4
What is the thousands digit of 59075?
9
What is the thousands digit of 14801794?
1
What is the ten thousands digit of 3352700?
5
What is the hundred thousands digit of 18805543?
8
What is the millions digit of 1655957?
1
What is the hundreds digit of 1098250?
2
What is the thousands digit of 360232?
0
What is the hundreds digit of 27462842?
8
What is the millions digit of 32050940?
2
What is the tens digit of 18638051?
5
What is the hundred thousands digit of 4001438?
0
What is the ten thousands digit of 1652462?
5
What is the units digit of 1653089?
9
What is the units digit of 4120581?
1
What is the millions digit of 1044183?
1
What is the tens digit of 821158?
5
What is the ten thousands digit of 12837?
1
What is the ten thousands digit of 1768807?
6
What is the hundreds digit of 754332?
3
What is the thousands digit of 4181850?
1
What is the ten millions digit of 13350890?
1
What is the thousands digit of 230910?
0
What is the units digit of 22387402?
2
What is the tens digit of 28087851?
5
What is the ten thousands digit of 2619407?
1
What is the ten thousands digit of 4697368?
9
What is the ten millions digit of 14958222?
1
What is the units digit of 9783?
3
What is the thousands digit of 3469312?
9
What is the millions digit of 25422603?
5
What is the ten thousands digit of 637210?
3
What is the tens digit of 17639?
3
What is the ten millions digit of 18093813?
1
What is the tens digit of 737197?
9
What is the ten thousands digit of 4139430?
3
What is the ten thousands digit of 1462919?
6
What is the thousands digit of 8848410?
8
What is the units digit of 188640?
0
What is the hundreds digit of 529614?
6
What is the tens digit of 414982?
8
What is the ten thousands digit of 1157299?
5
What is the millions digit of 2806153?
2
What is the ten thousands digit of 20326?
2
What is the thousands digit of 14896758?
6
What is the hundreds digit of 1217546?
5
What is the tens digit of 229313?
1
What is the ten thousands digit of 2348191?
4
What is the millions digit of 1965514?
1
What is the units digit of 564552?
2
What is the tens digit of 4822335?
3
What is the tens digit of 1617181?
8
What is the millions digit of 1492203?
1
What is the hundreds digit of 17345428?
4
What is the thousands digit of 5984098?
4
What is the tens digit of 578988?
8
What is the units digit of 7477961?
1
What is the units digit of 53056?
6
What is the millions digit of 3894719?
3
What is the ten thousands digit of 979423?
7
What is the hundreds digit of 1519232?
2
What is the units digit of 1206209?
9
What is the hundred thousands digit of 580648?
5
What is the hundreds digit of 330635?
6
What is the units digit of 641962?
2
What is the ten millions digit of 17026238?
1
What is the ten thousands digit of 570945?
7
What is the hundreds digit of 7569908?
9
What is the ten millions digit of 13657452?
1
What is the hundred thousands digit of 6776169?
7
What is the hundreds digit of 1165070?
0
What is the ten thousands digit of 3062288?
6
What is the thousands digit of 9957174?
7
What is the units digit of 981185?
5
What is the hundred thousands digit of 869918?
8
What is the ten thousands digit of 22763?
2
What is the hundred thousands digit of 590764?
5
What is the hundred thousands digit of 12347833?
3
What is the units digit of 12925125?
5
What is the ten millions digit of 45278599?
4
What is the hundred thousands digit of 585251?
5
What is the units digit of 1064803?
3
What is the hundreds digit of 2820857?
8
What is the thousands digit of 5785692?
5
What is the thousands digit of 4378871?
8
What is the units digit of 74151?
1
What is the millions digit of 1808409?
1
What is the hundreds digit of 8598302?
3
What is the tens digit of 47284?
8
What is the hundred thousands digit of 11465028?
4
What is the tens digit of 84599?
9
What is the units digit of 18840809?
9
What is the hundreds digit of 152807?
8
What is the hundreds digit of 439801?
8
What is the ten thousands digit of 14532804?
3
What is the thousands digit of 1989073?
9
What is the tens digit of 520708?
0
What is the thousands digit of 120014?
0
What is the hundreds digit of 126436?
4
What is the units digit of 286960?
0
What is the ten thousands digit of 925787?
2
What is the millions digit of 4998988?
4
What is the tens digit of 129458?
5
What is the ten thousands digit of 282262?
8
What is the units digit of 9498894?
4
What is the units digit of 1583115?
5
What is the hundred thousands digit of 2656328?
6
What is the tens digit of 100771?
7
What is the ten thousands digit of 275667?
7
What is the hundred thousands digit of 9245008?
2
What is the ten thousands digit of 614558?
1
What is the thousands digit of 950693?
0
What is the thousands digit of 405665?
5
What is the thousands digit of 1348174?
8
What is the hundred thousands digit of 339718?
3
What is the thousands digit of 1895166?
5
What is the tens digit of 1248544?
4
What is the hundred thousands digit of 337654?
3
What is the tens digit of 1911569?
6
What is the ten thousands digit of 1267324?
6
What is the hundred thousands digit of 13245410?
2
What is the units digit of 5302425?
5
What is the thousands digit of 3464482?
4
What is the ten thousands digit of 213138?
1
What is the tens digit of 1760270?
7
What is the tens digit of 9919574?
7
What is the hundred thousands digit of 2651966?
6
What is the units digit of 1208401?
1
What is the units digit of 455985?
5
What is the thousands digit of 1261994?
1
What is the millions digit of 8723216?
8
What is the ten thousands digit of 15840?
1
What is the ten thousands digit of 88635?
8
What is the hundred thousands digit of 1327823?
3
What is the hundreds digit of 32317?
3
What is the units digit of 1292824?
4
What is the tens digit of 1533316?
1
What is the hundred thousands digit of 268948?
2
What is the units digit of 341813?
3
What is the hundreds digit of 567868?
8
What is the units digit of 519243?
3
What is the ten thousands digit of 17573945?
7
What is the units digit of 11366674?
4
What is the hundreds digit of 894009?
0
What is the units digit of 901875?
5
What is the ten thousands digit of 81775?
8
What is the tens digit of 1382542?
4
What is the tens digit of 257437?
3
What is the tens digit of 5513432?
3
What is th